{"id":108,"date":"2017-10-05T14:07:44","date_gmt":"2017-10-05T14:07:44","guid":{"rendered":"http:\/\/emsdig.de\/?page_id=108"},"modified":"2019-08-09T14:06:15","modified_gmt":"2019-08-09T13:06:15","slug":"aboutme","status":"publish","type":"page","link":"https:\/\/emsdig.de\/?page_id=108","title":{"rendered":"Wir \u00fcber uns"},"content":{"rendered":"<h2>Hinter jedem Unternehmen steht eine Geschichte.<\/h2>\n<p><img loading=\"lazy\" decoding=\"async\" class=\"alignright wp-image-79\" src=\"http:\/\/emsdig.de\/wp-content\/uploads\/2017\/10\/Klappvisitenkarte-300x225.png\" alt=\"Leistungen von Emsdig.de\" width=\"368\" height=\"276\" srcset=\"https:\/\/emsdig.de\/wp-content\/uploads\/2017\/10\/Klappvisitenkarte-300x225.png 300w, https:\/\/emsdig.de\/wp-content\/uploads\/2017\/10\/Klappvisitenkarte-768x575.png 768w, https:\/\/emsdig.de\/wp-content\/uploads\/2017\/10\/Klappvisitenkarte.png 804w\" sizes=\"(max-width: 368px) 85vw, 368px\" \/><br \/>\nIch m\u00f6chte mich kurz vorstellen. 2012 habe ich als Meister im Elektrotechniker-Handwerk im Bereich Geb\u00e4ude- &amp; Energietechnik meine Firma EMSdig.de gegr\u00fcndet.<\/p>\n<p>F\u00fcr mich stehen Ihre individuellen Kundenw\u00fcnsche im Vordergrund.<\/p>\n<p>Ich m\u00f6chte durch neue, zertifizierte Technikl\u00f6sungen Ihren Komfort &amp; Sicherheit erh\u00f6hen und dadurch gezielt Energie f\u00fcr Sie einsparen.<\/p>\n<p>F\u00fcr die aktuelle Neuigkeiten bieten wir Ihnen einen kostenfreien Newsletter an.<\/p>\n<p>Mark Sroka (Inhaber)<\/p>\n<hr \/>\n<h5>Hier ist meine Geschichte als Meilensteine aufgef\u00fchrt:<\/h5>\n<p>2015<br \/>\n&#8211; Umzug nach Backnang<\/p>\n<p>2010\/2011\/2012<br \/>\n&#8211; Ausbildung als Meister im Elektrotechniker-Handwerk<br \/>\n&#8211; Beginn der Selbstst\u00e4ndigkeit<\/p>\n<p>2009<br \/>\n&#8211; Gr\u00fcndungsmitglied eines Vereins<\/p>\n<p>2006<br \/>\n&#8211; Umzug nach Stuttgart<\/p>\n<p>2001<br \/>\n&#8211; Ausbildung als Elektroinstallateur in Annaberg-Buchholz<br \/>\n&#8211; Programmierung (Erste Homepage)<\/p>\n","protected":false},"excerpt":{"rendered":"<p>Hinter jedem Unternehmen steht eine Geschichte. Ich m\u00f6chte mich kurz vorstellen. 2012 habe ich als Meister im Elektrotechniker-Handwerk im Bereich Geb\u00e4ude- &amp; Energietechnik meine Firma EMSdig.de gegr\u00fcndet. F\u00fcr mich stehen Ihre individuellen Kundenw\u00fcnsche im Vordergrund. Ich m\u00f6chte durch neue, zertifizierte Technikl\u00f6sungen Ihren Komfort &amp; Sicherheit erh\u00f6hen und dadurch gezielt Energie f\u00fcr Sie einsparen. F\u00fcr die &hellip; <a href=\"https:\/\/emsdig.de\/?page_id=108\" class=\"more-link\"><span class=\"screen-reader-text\">\u201eWir \u00fcber uns\u201c<\/span> weiterlesen<\/a><\/p>\n","protected":false},"author":1,"featured_media":0,"parent":0,"menu_order":0,"comment_status":"closed","ping_status":"closed","template":"","meta":{"footnotes":""},"yoast_head":"<!-- This site is optimized with the Yoast SEO plugin v21.8 - https:\/\/yoast.com\/wordpress\/plugins\/seo\/ -->\n<title>Wir \u00fcber uns - EMSdig.de - Elektrotechnik digital<\/title>\n<meta name=\"description\" content=\"Hinter jedem Unternehmen steht eine Geschichte. Erfahre mehr \u00fcber den Handwerksbetrieb Emsdig.de - Elektrotechnik digital aus Backnang.\" \/>\n<meta name=\"robots\" content=\"index, follow, max-snippet:-1, max-image-preview:large, max-video-preview:-1\" \/>\n<link rel=\"canonical\" href=\"https:\/\/emsdig.de\/?page_id=108\" \/>\n<meta property=\"og:locale\" content=\"de_DE\" \/>\n<meta property=\"og:type\" content=\"article\" \/>\n<meta property=\"og:title\" content=\"Wir \u00fcber uns - EMSdig.de - Elektrotechnik digital\" \/>\n<meta property=\"og:description\" content=\"Hinter jedem Unternehmen steht eine Geschichte. Erfahre mehr \u00fcber den Handwerksbetrieb Emsdig.de - Elektrotechnik digital aus Backnang.\" \/>\n<meta property=\"og:url\" content=\"https:\/\/emsdig.de\/?page_id=108\" \/>\n<meta property=\"og:site_name\" content=\"EMSdig.de - Elektrotechnik digital\" \/>\n<meta property=\"article:modified_time\" content=\"2019-08-09T13:06:15+00:00\" \/>\n<meta property=\"og:image\" content=\"http:\/\/emsdig.de\/wp-content\/uploads\/2017\/10\/Klappvisitenkarte-300x225.png\" \/>\n<meta name=\"twitter:card\" content=\"summary_large_image\" \/>\n<meta name=\"twitter:label1\" content=\"Gesch\u00e4tzte Lesezeit\" \/>\n\t<meta name=\"twitter:data1\" content=\"1\u00a0Minute\" \/>\n<script type=\"application\/ld+json\" class=\"yoast-schema-graph\">{\"@context\":\"https:\/\/schema.org\",\"@graph\":[{\"@type\":\"WebPage\",\"@id\":\"https:\/\/emsdig.de\/?page_id=108\",\"url\":\"https:\/\/emsdig.de\/?page_id=108\",\"name\":\"Wir \u00fcber uns - EMSdig.de - Elektrotechnik digital\",\"isPartOf\":{\"@id\":\"https:\/\/emsdig.de\/#website\"},\"datePublished\":\"2017-10-05T14:07:44+00:00\",\"dateModified\":\"2019-08-09T13:06:15+00:00\",\"description\":\"Hinter jedem Unternehmen steht eine Geschichte. Erfahre mehr \u00fcber den Handwerksbetrieb Emsdig.de - Elektrotechnik digital aus Backnang.\",\"breadcrumb\":{\"@id\":\"https:\/\/emsdig.de\/?page_id=108#breadcrumb\"},\"inLanguage\":\"de\",\"potentialAction\":[{\"@type\":\"ReadAction\",\"target\":[\"https:\/\/emsdig.de\/?page_id=108\"]}]},{\"@type\":\"BreadcrumbList\",\"@id\":\"https:\/\/emsdig.de\/?page_id=108#breadcrumb\",\"itemListElement\":[{\"@type\":\"ListItem\",\"position\":1,\"name\":\"Startseite\",\"item\":\"https:\/\/emsdig.de\/\"},{\"@type\":\"ListItem\",\"position\":2,\"name\":\"Wir \u00fcber uns\"}]},{\"@type\":\"WebSite\",\"@id\":\"https:\/\/emsdig.de\/#website\",\"url\":\"https:\/\/emsdig.de\/\",\"name\":\"EMSdig.de - Elektrotechnik digital\",\"description\":\"Ihr Elektroniker f\u00fcr Geb\u00e4ude- &amp; Energietechnik\",\"publisher\":{\"@id\":\"https:\/\/emsdig.de\/#organization\"},\"potentialAction\":[{\"@type\":\"SearchAction\",\"target\":{\"@type\":\"EntryPoint\",\"urlTemplate\":\"https:\/\/emsdig.de\/?s={search_term_string}\"},\"query-input\":\"required name=search_term_string\"}],\"inLanguage\":\"de\"},{\"@type\":\"Organization\",\"@id\":\"https:\/\/emsdig.de\/#organization\",\"name\":\"EMSdig.de\",\"url\":\"https:\/\/emsdig.de\/\",\"logo\":{\"@type\":\"ImageObject\",\"inLanguage\":\"de\",\"@id\":\"https:\/\/emsdig.de\/#\/schema\/logo\/image\/\",\"url\":\"http:\/\/emsdig.de\/wp-content\/uploads\/2017\/10\/emsdig_de_elektrotechnik_digital.png\",\"contentUrl\":\"http:\/\/emsdig.de\/wp-content\/uploads\/2017\/10\/emsdig_de_elektrotechnik_digital.png\",\"width\":553,\"height\":210,\"caption\":\"EMSdig.de\"},\"image\":{\"@id\":\"https:\/\/emsdig.de\/#\/schema\/logo\/image\/\"},\"sameAs\":[\"https:\/\/www.youtube.com\/channel\/UCsKAYMIXb24h329db-49Z4Q\"]}]}<\/script>\n<!-- \/ Yoast SEO plugin. -->","yoast_head_json":{"title":"Wir \u00fcber uns - EMSdig.de - Elektrotechnik digital","description":"Hinter jedem Unternehmen steht eine Geschichte. Erfahre mehr \u00fcber den Handwerksbetrieb Emsdig.de - Elektrotechnik digital aus Backnang.","robots":{"index":"index","follow":"follow","max-snippet":"max-snippet:-1","max-image-preview":"max-image-preview:large","max-video-preview":"max-video-preview:-1"},"canonical":"https:\/\/emsdig.de\/?page_id=108","og_locale":"de_DE","og_type":"article","og_title":"Wir \u00fcber uns - EMSdig.de - Elektrotechnik digital","og_description":"Hinter jedem Unternehmen steht eine Geschichte. Erfahre mehr \u00fcber den Handwerksbetrieb Emsdig.de - Elektrotechnik digital aus Backnang.","og_url":"https:\/\/emsdig.de\/?page_id=108","og_site_name":"EMSdig.de - Elektrotechnik digital","article_modified_time":"2019-08-09T13:06:15+00:00","og_image":[{"url":"http:\/\/emsdig.de\/wp-content\/uploads\/2017\/10\/Klappvisitenkarte-300x225.png"}],"twitter_card":"summary_large_image","twitter_misc":{"Gesch\u00e4tzte Lesezeit":"1\u00a0Minute"},"schema":{"@context":"https:\/\/schema.org","@graph":[{"@type":"WebPage","@id":"https:\/\/emsdig.de\/?page_id=108","url":"https:\/\/emsdig.de\/?page_id=108","name":"Wir \u00fcber uns - EMSdig.de - Elektrotechnik digital","isPartOf":{"@id":"https:\/\/emsdig.de\/#website"},"datePublished":"2017-10-05T14:07:44+00:00","dateModified":"2019-08-09T13:06:15+00:00","description":"Hinter jedem Unternehmen steht eine Geschichte. Erfahre mehr \u00fcber den Handwerksbetrieb Emsdig.de - Elektrotechnik digital aus Backnang.","breadcrumb":{"@id":"https:\/\/emsdig.de\/?page_id=108#breadcrumb"},"inLanguage":"de","potentialAction":[{"@type":"ReadAction","target":["https:\/\/emsdig.de\/?page_id=108"]}]},{"@type":"BreadcrumbList","@id":"https:\/\/emsdig.de\/?page_id=108#breadcrumb","itemListElement":[{"@type":"ListItem","position":1,"name":"Startseite","item":"https:\/\/emsdig.de\/"},{"@type":"ListItem","position":2,"name":"Wir \u00fcber uns"}]},{"@type":"WebSite","@id":"https:\/\/emsdig.de\/#website","url":"https:\/\/emsdig.de\/","name":"EMSdig.de - Elektrotechnik digital","description":"Ihr Elektroniker f\u00fcr Geb\u00e4ude- &amp; Energietechnik","publisher":{"@id":"https:\/\/emsdig.de\/#organization"},"potentialAction":[{"@type":"SearchAction","target":{"@type":"EntryPoint","urlTemplate":"https:\/\/emsdig.de\/?s={search_term_string}"},"query-input":"required name=search_term_string"}],"inLanguage":"de"},{"@type":"Organization","@id":"https:\/\/emsdig.de\/#organization","name":"EMSdig.de","url":"https:\/\/emsdig.de\/","logo":{"@type":"ImageObject","inLanguage":"de","@id":"https:\/\/emsdig.de\/#\/schema\/logo\/image\/","url":"http:\/\/emsdig.de\/wp-content\/uploads\/2017\/10\/emsdig_de_elektrotechnik_digital.png","contentUrl":"http:\/\/emsdig.de\/wp-content\/uploads\/2017\/10\/emsdig_de_elektrotechnik_digital.png","width":553,"height":210,"caption":"EMSdig.de"},"image":{"@id":"https:\/\/emsdig.de\/#\/schema\/logo\/image\/"},"sameAs":["https:\/\/www.youtube.com\/channel\/UCsKAYMIXb24h329db-49Z4Q"]}]}},"_links":{"self":[{"href":"https:\/\/emsdig.de\/index.php?rest_route=\/wp\/v2\/pages\/108"}],"collection":[{"href":"https:\/\/emsdig.de\/index.php?rest_route=\/wp\/v2\/pages"}],"about":[{"href":"https:\/\/emsdig.de\/index.php?rest_route=\/wp\/v2\/types\/page"}],"author":[{"embeddable":true,"href":"https:\/\/emsdig.de\/index.php?rest_route=\/wp\/v2\/users\/1"}],"replies":[{"embeddable":true,"href":"https:\/\/emsdig.de\/index.php?rest_route=%2Fwp%2Fv2%2Fcomments&post=108"}],"version-history":[{"count":10,"href":"https:\/\/emsdig.de\/index.php?rest_route=\/wp\/v2\/pages\/108\/revisions"}],"predecessor-version":[{"id":822,"href":"https:\/\/emsdig.de\/index.php?rest_route=\/wp\/v2\/pages\/108\/revisions\/822"}],"wp:attachment":[{"href":"https:\/\/emsdig.de\/index.php?rest_route=%2Fwp%2Fv2%2Fmedia&parent=108"}],"curies":[{"name":"wp","href":"https:\/\/api.w.org\/{rel}","templated":true}]}}