{"id":586,"date":"2018-09-24T22:10:08","date_gmt":"2018-09-24T21:10:08","guid":{"rendered":"http:\/\/emsdig.de\/?page_id=586"},"modified":"2020-10-05T23:34:28","modified_gmt":"2020-10-05T22:34:28","slug":"leistungen-und-preise","status":"publish","type":"page","link":"https:\/\/emsdig.de\/?page_id=586","title":{"rendered":"Leistungen &#038; Preise"},"content":{"rendered":"\n<h1 class=\"wp-block-heading\">Leistungen<\/h1>\n\n\n\n<p>Hier stellen wir Ihnen unsere Leistungen &amp; Preise vor. Gern k\u00f6nne Sie uns auch direkt Anfragen unter 01741801885 oder <a href=\"mailto:mark@emsdig.de\">mark@emsdig.de<\/a><\/p>\n\n\n<ul class=\"lcp_catlist\" id=\"lcp_instance_0\"><li><a href=\"https:\/\/emsdig.de\/?p=73\">smart home &#8211; unser Installationsservice<\/a><\/li><li><a href=\"https:\/\/emsdig.de\/?p=64\">B2B Service f\u00fcr Elektrofachbetriebe<\/a><\/li><\/ul>\n\n\n\n<h2 class=\"wp-block-heading\">Preise f\u00fcr dein Smart Home<\/h2>\n\n\n\n<div class=\"wp-block-group alignwide\"><div class=\"wp-block-group__inner-container is-layout-flow wp-block-group-is-layout-flow\">\n<div class=\"wp-block-columns alignwide is-layout-flex wp-container-core-columns-layout-1 wp-block-columns-is-layout-flex\">\n<div class=\"wp-block-column is-layout-flow wp-block-column-is-layout-flow\">\n<p class=\"has-text-align-center\"><strong>Paket<\/strong><br> <strong>&#8220;smarter einstieg&#8221;<\/strong><\/p>\n\n\n\n<p class=\"has-text-align-center\">bis 5 Ger\u00e4te<\/p>\n\n\n\n<p class=\"has-text-align-center\">f\u00fcr einen Raum<\/p>\n\n\n\n<div class=\"wp-block-buttons aligncenter is-layout-flex wp-block-buttons-is-layout-flex\">\n<div class=\"wp-block-button is-style-outline\"><a class=\"wp-block-button__link has-bright-blue-color has-text-color\" style=\"border-radius:7px\" rel=\"http:\/\/emsdig.de\/?page_id=52\">ab 300 \u20ac<\/a><\/div>\n<\/div>\n<\/div>\n\n\n\n<div class=\"wp-block-column is-layout-flow wp-block-column-is-layout-flow\">\n<p class=\"has-text-align-center\"><strong>Paket <\/strong><br><strong>&#8220;smarter Wohnraum&#8221;<\/strong><\/p>\n\n\n\n<p class=\"has-text-align-center\">ca. 15 Ger\u00e4te<\/p>\n\n\n\n<p class=\"has-text-align-center\">f\u00fcr deinen Wohnraum<\/p>\n\n\n\n<div class=\"wp-block-buttons aligncenter is-layout-flex wp-block-buttons-is-layout-flex\">\n<div class=\"wp-block-button is-style-outline\"><a class=\"wp-block-button__link has-bright-blue-color has-text-color\" style=\"border-radius:7px\" rel=\"noreferrer noopenerhttp:\/\/emsdig.de\/?page_id=52\">ab 1500 \u20ac<\/a><\/div>\n<\/div>\n<\/div>\n\n\n\n<div class=\"wp-block-column is-layout-flow wp-block-column-is-layout-flow\">\n<p class=\"has-text-align-center\"><strong>Paket<\/strong><br><strong>&#8220;smartes home&#8221;<\/strong><\/p>\n\n\n\n<p class=\"has-text-align-center\">ab ca. 30 Ger\u00e4te<\/p>\n\n\n\n<p class=\"has-text-align-center\">f\u00fcr deine Wohnung<\/p>\n\n\n\n<div class=\"wp-block-buttons aligncenter is-layout-flex wp-block-buttons-is-layout-flex\">\n<div class=\"wp-block-button is-style-outline\"><a class=\"wp-block-button__link has-bright-blue-color has-text-color\" style=\"border-radius:7px\" rel=\"http:\/\/emsdig.de\/?page_id=52\">AB 3500 \u20ac<\/a><\/div>\n<\/div>\n<\/div>\n<\/div>\n<\/div><\/div>\n\n\n\n<h3 class=\"wp-block-heading\">Smart home im Neubau (Modernisierung)<\/h3>\n\n\n\n<ul><li>4-5% der Bausumme werden f\u00fcr eine herk\u00f6mmliche Elektroinstallation aufgewendet<\/li><li>&nbsp;ab 5 &#8211; 12% der Bausumme f\u00fcr <a href=\"http:\/\/emsdig.de\/?p=73\">homematic, digitalSTROM, KNX easy oder andere smart home Systemen<\/a><\/li><li>ab 12% der Bausumme f\u00fcr KNX-System<\/li><\/ul>\n\n\n\n<p><strong>Smart home im Bestandsbau oder in Mietwohnungen<\/strong><\/p>\n\n\n\n<ul><li><a href=\"http:\/\/emsdig.de\/smart-home-paket-2018\/\">399<\/a> bis 4500 Euro (siehe <a href=\"https:\/\/www.homeandsmart.de\/wie-teuer-ist-ein-smart-home\">https:\/\/www.homeandsmart.de\/wie-teuer-ist-ein-smart-home<\/a>)<\/li><\/ul>\n\n\n\n<h3 class=\"wp-block-heading\"><a href=\"http:\/\/emsdig.de\/b2b\/\"><strong>B2B Service<\/strong><\/a><\/h3>\n\n\n\n<p>unser b2b Service ist f\u00fcr Hausverwaltungen, Firmen und Elektrofachbetiebe vorgesehen. Fragen Sie einfach induviduell an. Sie erhalten ein Angebot von uns unter <a href=\"mailto:mark@emsdig.de\">mark@emsdig.de<\/a>.<\/p>\n\n\n\n<h3 class=\"odav-pagetitle wp-block-heading\">Wie viel kostet eine Handwerkerstunde?<\/h3>\n\n\n\n<p>Damit die Zusammensetzung des Stundenlohns f\u00fcr Handwerkskunden kein unl\u00f6sbares R\u00e4tsel bleibt, haben wir in einer Brosch\u00fcre die wichtigsten Informationen zum Thema Handwerker-Stundenlohn zusammengefasst. Mehr unter <a href=\"http:\/\/www.handwerkerstunde.de\" target=\"_blank\" rel=\"noopener noreferrer\">www.handwerkerstunde.de<\/a><\/p>\n","protected":false},"excerpt":{"rendered":"<p>Leistungen Hier stellen wir Ihnen unsere Leistungen &amp; Preise vor. Gern k\u00f6nne Sie uns auch direkt Anfragen unter 01741801885 oder mark@emsdig.de Preise f\u00fcr dein Smart Home Paket &#8220;smarter einstieg&#8221; bis 5 Ger\u00e4te f\u00fcr einen Raum Paket &#8220;smarter Wohnraum&#8221; ca. 15 Ger\u00e4te f\u00fcr deinen Wohnraum Paket&#8220;smartes home&#8221; ab ca. 30 Ger\u00e4te f\u00fcr deine Wohnung Smart home &hellip; <a href=\"https:\/\/emsdig.de\/?page_id=586\" class=\"more-link\"><span class=\"screen-reader-text\">\u201eLeistungen &#038; Preise\u201c<\/span> weiterlesen<\/a><\/p>\n","protected":false},"author":1,"featured_media":0,"parent":0,"menu_order":0,"comment_status":"closed","ping_status":"closed","template":"","meta":{"footnotes":""},"yoast_head":"<!-- This site is optimized with the Yoast SEO plugin v21.8 - https:\/\/yoast.com\/wordpress\/plugins\/seo\/ -->\n<title>Leistungen &amp; Preise - EMSdig.de - Elektrotechnik digital<\/title>\n<meta name=\"description\" content=\"Hier erhalten Sie eine \u00dcbersicht \u00fcber unsere Leistungen und Preise. Wir beraten Sie gern zu smart home, b2b Service oder anderen Leistungen aus unserem Haus\" \/>\n<meta name=\"robots\" content=\"index, follow, max-snippet:-1, max-image-preview:large, max-video-preview:-1\" \/>\n<link rel=\"canonical\" href=\"https:\/\/emsdig.de\/?page_id=586\" \/>\n<meta property=\"og:locale\" content=\"de_DE\" \/>\n<meta property=\"og:type\" content=\"article\" \/>\n<meta property=\"og:title\" content=\"Leistungen &amp; Preise - EMSdig.de - Elektrotechnik digital\" \/>\n<meta property=\"og:description\" content=\"Hier erhalten Sie eine \u00dcbersicht \u00fcber unsere Leistungen und Preise. Wir beraten Sie gern zu smart home, b2b Service oder anderen Leistungen aus unserem Haus\" \/>\n<meta property=\"og:url\" content=\"https:\/\/emsdig.de\/?page_id=586\" \/>\n<meta property=\"og:site_name\" content=\"EMSdig.de - Elektrotechnik digital\" \/>\n<meta property=\"article:modified_time\" content=\"2020-10-05T22:34:28+00:00\" \/>\n<meta name=\"twitter:card\" content=\"summary_large_image\" \/>\n<meta name=\"twitter:label1\" content=\"Gesch\u00e4tzte Lesezeit\" \/>\n\t<meta name=\"twitter:data1\" content=\"1\u00a0Minute\" \/>\n<script type=\"application\/ld+json\" class=\"yoast-schema-graph\">{\"@context\":\"https:\/\/schema.org\",\"@graph\":[{\"@type\":\"WebPage\",\"@id\":\"https:\/\/emsdig.de\/?page_id=586\",\"url\":\"https:\/\/emsdig.de\/?page_id=586\",\"name\":\"Leistungen & Preise - EMSdig.de - Elektrotechnik digital\",\"isPartOf\":{\"@id\":\"https:\/\/emsdig.de\/#website\"},\"datePublished\":\"2018-09-24T21:10:08+00:00\",\"dateModified\":\"2020-10-05T22:34:28+00:00\",\"description\":\"Hier erhalten Sie eine \u00dcbersicht \u00fcber unsere Leistungen und Preise. Wir beraten Sie gern zu smart home, b2b Service oder anderen Leistungen aus unserem Haus\",\"breadcrumb\":{\"@id\":\"https:\/\/emsdig.de\/?page_id=586#breadcrumb\"},\"inLanguage\":\"de\",\"potentialAction\":[{\"@type\":\"ReadAction\",\"target\":[\"https:\/\/emsdig.de\/?page_id=586\"]}]},{\"@type\":\"BreadcrumbList\",\"@id\":\"https:\/\/emsdig.de\/?page_id=586#breadcrumb\",\"itemListElement\":[{\"@type\":\"ListItem\",\"position\":1,\"name\":\"Startseite\",\"item\":\"https:\/\/emsdig.de\/\"},{\"@type\":\"ListItem\",\"position\":2,\"name\":\"Leistungen &#038; Preise\"}]},{\"@type\":\"WebSite\",\"@id\":\"https:\/\/emsdig.de\/#website\",\"url\":\"https:\/\/emsdig.de\/\",\"name\":\"EMSdig.de - Elektrotechnik digital\",\"description\":\"Ihr Elektroniker f\u00fcr Geb\u00e4ude- &amp; Energietechnik\",\"publisher\":{\"@id\":\"https:\/\/emsdig.de\/#organization\"},\"potentialAction\":[{\"@type\":\"SearchAction\",\"target\":{\"@type\":\"EntryPoint\",\"urlTemplate\":\"https:\/\/emsdig.de\/?s={search_term_string}\"},\"query-input\":\"required name=search_term_string\"}],\"inLanguage\":\"de\"},{\"@type\":\"Organization\",\"@id\":\"https:\/\/emsdig.de\/#organization\",\"name\":\"EMSdig.de\",\"url\":\"https:\/\/emsdig.de\/\",\"logo\":{\"@type\":\"ImageObject\",\"inLanguage\":\"de\",\"@id\":\"https:\/\/emsdig.de\/#\/schema\/logo\/image\/\",\"url\":\"http:\/\/emsdig.de\/wp-content\/uploads\/2017\/10\/emsdig_de_elektrotechnik_digital.png\",\"contentUrl\":\"http:\/\/emsdig.de\/wp-content\/uploads\/2017\/10\/emsdig_de_elektrotechnik_digital.png\",\"width\":553,\"height\":210,\"caption\":\"EMSdig.de\"},\"image\":{\"@id\":\"https:\/\/emsdig.de\/#\/schema\/logo\/image\/\"},\"sameAs\":[\"https:\/\/www.youtube.com\/channel\/UCsKAYMIXb24h329db-49Z4Q\"]}]}<\/script>\n<!-- \/ Yoast SEO plugin. -->","yoast_head_json":{"title":"Leistungen & Preise - EMSdig.de - Elektrotechnik digital","description":"Hier erhalten Sie eine \u00dcbersicht \u00fcber unsere Leistungen und Preise. Wir beraten Sie gern zu smart home, b2b Service oder anderen Leistungen aus unserem Haus","robots":{"index":"index","follow":"follow","max-snippet":"max-snippet:-1","max-image-preview":"max-image-preview:large","max-video-preview":"max-video-preview:-1"},"canonical":"https:\/\/emsdig.de\/?page_id=586","og_locale":"de_DE","og_type":"article","og_title":"Leistungen & Preise - EMSdig.de - Elektrotechnik digital","og_description":"Hier erhalten Sie eine \u00dcbersicht \u00fcber unsere Leistungen und Preise. Wir beraten Sie gern zu smart home, b2b Service oder anderen Leistungen aus unserem Haus","og_url":"https:\/\/emsdig.de\/?page_id=586","og_site_name":"EMSdig.de - Elektrotechnik digital","article_modified_time":"2020-10-05T22:34:28+00:00","twitter_card":"summary_large_image","twitter_misc":{"Gesch\u00e4tzte Lesezeit":"1\u00a0Minute"},"schema":{"@context":"https:\/\/schema.org","@graph":[{"@type":"WebPage","@id":"https:\/\/emsdig.de\/?page_id=586","url":"https:\/\/emsdig.de\/?page_id=586","name":"Leistungen & Preise - EMSdig.de - Elektrotechnik digital","isPartOf":{"@id":"https:\/\/emsdig.de\/#website"},"datePublished":"2018-09-24T21:10:08+00:00","dateModified":"2020-10-05T22:34:28+00:00","description":"Hier erhalten Sie eine \u00dcbersicht \u00fcber unsere Leistungen und Preise. Wir beraten Sie gern zu smart home, b2b Service oder anderen Leistungen aus unserem Haus","breadcrumb":{"@id":"https:\/\/emsdig.de\/?page_id=586#breadcrumb"},"inLanguage":"de","potentialAction":[{"@type":"ReadAction","target":["https:\/\/emsdig.de\/?page_id=586"]}]},{"@type":"BreadcrumbList","@id":"https:\/\/emsdig.de\/?page_id=586#breadcrumb","itemListElement":[{"@type":"ListItem","position":1,"name":"Startseite","item":"https:\/\/emsdig.de\/"},{"@type":"ListItem","position":2,"name":"Leistungen &#038; Preise"}]},{"@type":"WebSite","@id":"https:\/\/emsdig.de\/#website","url":"https:\/\/emsdig.de\/","name":"EMSdig.de - Elektrotechnik digital","description":"Ihr Elektroniker f\u00fcr Geb\u00e4ude- &amp; Energietechnik","publisher":{"@id":"https:\/\/emsdig.de\/#organization"},"potentialAction":[{"@type":"SearchAction","target":{"@type":"EntryPoint","urlTemplate":"https:\/\/emsdig.de\/?s={search_term_string}"},"query-input":"required name=search_term_string"}],"inLanguage":"de"},{"@type":"Organization","@id":"https:\/\/emsdig.de\/#organization","name":"EMSdig.de","url":"https:\/\/emsdig.de\/","logo":{"@type":"ImageObject","inLanguage":"de","@id":"https:\/\/emsdig.de\/#\/schema\/logo\/image\/","url":"http:\/\/emsdig.de\/wp-content\/uploads\/2017\/10\/emsdig_de_elektrotechnik_digital.png","contentUrl":"http:\/\/emsdig.de\/wp-content\/uploads\/2017\/10\/emsdig_de_elektrotechnik_digital.png","width":553,"height":210,"caption":"EMSdig.de"},"image":{"@id":"https:\/\/emsdig.de\/#\/schema\/logo\/image\/"},"sameAs":["https:\/\/www.youtube.com\/channel\/UCsKAYMIXb24h329db-49Z4Q"]}]}},"_links":{"self":[{"href":"https:\/\/emsdig.de\/index.php?rest_route=\/wp\/v2\/pages\/586"}],"collection":[{"href":"https:\/\/emsdig.de\/index.php?rest_route=\/wp\/v2\/pages"}],"about":[{"href":"https:\/\/emsdig.de\/index.php?rest_route=\/wp\/v2\/types\/page"}],"author":[{"embeddable":true,"href":"https:\/\/emsdig.de\/index.php?rest_route=\/wp\/v2\/users\/1"}],"replies":[{"embeddable":true,"href":"https:\/\/emsdig.de\/index.php?rest_route=%2Fwp%2Fv2%2Fcomments&post=586"}],"version-history":[{"count":19,"href":"https:\/\/emsdig.de\/index.php?rest_route=\/wp\/v2\/pages\/586\/revisions"}],"predecessor-version":[{"id":6498,"href":"https:\/\/emsdig.de\/index.php?rest_route=\/wp\/v2\/pages\/586\/revisions\/6498"}],"wp:attachment":[{"href":"https:\/\/emsdig.de\/index.php?rest_route=%2Fwp%2Fv2%2Fmedia&parent=586"}],"curies":[{"name":"wp","href":"https:\/\/api.w.org\/{rel}","templated":true}]}}